
{"id":5335,"date":"2022-02-16T13:03:24","date_gmt":"2022-02-16T12:03:24","guid":{"rendered":"https:\/\/www.cosmapack.it\/new\/?page_id=5335"},"modified":"2026-02-18T13:09:35","modified_gmt":"2026-02-18T12:09:35","slug":"incartonatrice-monoblocco-forminc-1200","status":"publish","type":"page","link":"https:\/\/www.cosmapack.it\/new\/incartonatrice-monoblocco-forminc-1200\/","title":{"rendered":"Incartonatrice monoblocco FORMINC 1200"},"content":{"rendered":"<div class=\"wpb-content-wrapper\"><p>[vc_row][vc_column][vc_empty_space height=&#8221;55px&#8221;][\/vc_column][\/vc_row][vc_row el_class=&#8221;gino&#8221;][vc_column width=&#8221;1\/6&#8243;][vc_icon icon_fontawesome=&#8221;far fa-caret-square-left&#8221; color=&#8221;custom&#8221; size=&#8221;lg&#8221; custom_color=&#8221;#afafaf&#8221; link=&#8221;url:%2Fnew%2Fincartonatrici%2F|title:Incartonatrice%20monoblocco%20FORMINC&#8221;][\/vc_column][vc_column width=&#8221;2\/3&#8243;][vc_column_text]<\/p>\n<p style=\"text-align: center;\"><strong><span style=\"color: #525252; font-family: opensans;\"><span style=\"color: #525252; font-size: 24pt;\">Incartonatrice monoblocco FORMINC 1200<br \/>\n<\/span><\/span><\/strong><\/p>\n<p>[\/vc_column_text][\/vc_column][vc_column width=&#8221;1\/6&#8243;][\/vc_column][\/vc_row][vc_row el_class=&#8221;gino&#8221; css=&#8221;.vc_custom_1631123609879{margin-bottom: -30px !important;border-radius: 2px !important;}&#8221;][vc_column][vc_row_inner css=&#8221;.vc_custom_1631017979314{margin-top: -20px !important;}&#8221;][vc_column_inner][vc_column_text]    <div id=\"69e7a3dfda4ba\" rel=\"5337\" data-gg-autoplay=\"auto\" class=\"gg_galleria_slider_wrap gg_galleria_slider_light gg_galleria_slider_show_thumbs gg_slider_no_borders gg_galleria_responsive ggs_5337\" style=\"width: 100%; \" data-asp-ratio=\"0.45\"><a href=\"https:\/\/www.cosmapack.it\/new\/wp-content\/uploads\/2021\/06\/Forminc-1200_Nuova-foto.jpg\"><img src=\"\/\/www.cosmapack.it\/new\/wp-content\/uploads\/ewpt_cache\/100x60_90_1_c_FFFFFF_ab9e50f05eddbb08d87d5f2fe67fce68.jpg\" data-big=\"https:\/\/www.cosmapack.it\/new\/wp-content\/uploads\/2021\/06\/Forminc-1200_Nuova-foto.jpg\" data-description=\"\" alt=\"Forminc 1200_Nuova foto\" \/><\/a><a href=\"https:\/\/www.cosmapack.it\/new\/wp-content\/uploads\/2021\/06\/Image1-10.jpg\"><img src=\"\/\/www.cosmapack.it\/new\/wp-content\/uploads\/ewpt_cache\/100x60_90_1_c_FFFFFF_c45363685e05087dc30ebf2f4191d458.jpg\" data-big=\"https:\/\/www.cosmapack.it\/new\/wp-content\/uploads\/2021\/06\/Image1-10.jpg\" data-description=\"\" alt=\"Image1\" \/><\/a><a href=\"https:\/\/www.cosmapack.it\/new\/wp-content\/uploads\/2021\/06\/Image5-7.jpg\"><img src=\"\/\/www.cosmapack.it\/new\/wp-content\/uploads\/ewpt_cache\/100x60_90_1_c_FFFFFF_781e9455c0572a6d60f6561206e53b91.jpg\" data-big=\"https:\/\/www.cosmapack.it\/new\/wp-content\/uploads\/2021\/06\/Image5-7.jpg\" data-description=\"\" alt=\"Image5\" \/><\/a><a href=\"https:\/\/www.cosmapack.it\/new\/wp-content\/uploads\/2021\/06\/Image4-9.jpg\"><img src=\"\/\/www.cosmapack.it\/new\/wp-content\/uploads\/ewpt_cache\/100x60_90_1_c_FFFFFF_3952efab97465f33714edc68b61ccb77.jpg\" data-big=\"https:\/\/www.cosmapack.it\/new\/wp-content\/uploads\/2021\/06\/Image4-9.jpg\" data-description=\"\" alt=\"Image4\" \/><\/a><a href=\"https:\/\/www.cosmapack.it\/new\/wp-content\/uploads\/2021\/06\/Image3-7.jpg\"><img src=\"\/\/www.cosmapack.it\/new\/wp-content\/uploads\/ewpt_cache\/100x60_90_1_c_FFFFFF_035a741f4dec94b87fabe31a1ef5f899.jpg\" data-big=\"https:\/\/www.cosmapack.it\/new\/wp-content\/uploads\/2021\/06\/Image3-7.jpg\" data-description=\"\" alt=\"Image3\" \/><\/a><a href=\"https:\/\/www.cosmapack.it\/new\/wp-content\/uploads\/2021\/06\/Image2-10.jpg\"><img src=\"\/\/www.cosmapack.it\/new\/wp-content\/uploads\/ewpt_cache\/100x60_90_1_c_FFFFFF_68cd82cba0337fca567ffb400a4f1467.jpg\" data-big=\"https:\/\/www.cosmapack.it\/new\/wp-content\/uploads\/2021\/06\/Image2-10.jpg\" data-description=\"\" alt=\"Image2\" \/><\/a>        <div style=\"clear: both;\"><\/div><\/div>    <script type=\"text\/javascript\"> (function($) {         \"use strict\";                 $(document).ready(function($) {             if(typeof(gg_galleria_init) == \"function\") {                 gg_galleria_show(\"#69e7a3dfda4ba\");                gg_galleria_init(\"#69e7a3dfda4ba\");            }        });    })(jQuery);   <\/script>[\/vc_column_text][vc_column_text]<\/p>\n<p style=\"text-align: justify;\"><span style=\"font-size: 14pt; color: #525252;\"><strong><span style=\"font-family: opensans;\">Il monoblocco formatore\/Incartonatore FORMINC 1200 \u00e8 la soluzione intermedia equipaggiata con doppia testa di presa indicata per linee di produzione a media ed alta velocit\u00e0. La macchina \u00e8 un monoblocco che forma il cartone e provvede all&#8217;incartonamento del prodotto (bottiglie, barattoli, vasetti etc.).<\/span><\/strong><\/span><\/p>\n<p>[\/vc_column_text][vc_column_text css=&#8221;.vc_custom_1631634929363{margin-top: -13px !important;}&#8221;]<\/p>\n<p style=\"text-align: right;\"><a href='\/new\/dove-siamo\/' onclick='' class='wpi_designer_button   wpi_shadow wpi_shadow_no wpi_text_shadow_no wpi_texture_no wpi_border_all wpi_padding_7px wpi_10px wpi_designer_button_4221 wpi_icon wpi_icon_no wpi_icon_left  ' target='' rel=''><i class=''><\/i><span class='wpi_text'>Ottieni un preventivo<\/span><\/a><\/p>\n<p>[\/vc_column_text][vc_raw_html]JTNDYSUyMG5hbWUlM0QlMjJ2aWRlbyUyMiUzRQ==[\/vc_raw_html][vc_column_text]<\/p>\n<hr class=\"new1\" \/>\n<p>[\/vc_column_text][\/vc_column_inner][\/vc_row_inner][\/vc_column][\/vc_row][vc_row el_class=&#8221;gino&#8221;][vc_column][vc_row_inner css=&#8221;.vc_custom_1630691485340{border-radius: 2px !important;}&#8221;][vc_column_inner width=&#8221;1\/3&#8243;][vc_video link=&#8221;https:\/\/youtu.be\/U6j2AC8G4dg&#8221; align=&#8221;center&#8221;][vc_column_text]<\/p>\n<p style=\"text-align: justify;\"><span style=\"color: #828282;\"><strong><span style=\"font-family: Tahoma, Arial, Helvetica, sans-serif; font-size: 12pt;\">Incartonatrice monoblocco &#8211; testa magnetica per barattoli<\/span><\/strong><\/span><\/p>\n<p>[\/vc_column_text][\/vc_column_inner][vc_column_inner width=&#8221;1\/3&#8243;][vc_video link=&#8221;https:\/\/youtu.be\/A1LnB3sWItU&#8221; align=&#8221;center&#8221;][vc_column_text]<\/p>\n<p style=\"text-align: justify;\"><span style=\"color: #828282;\"><strong><span style=\"font-family: Tahoma, Arial, Helvetica, sans-serif; font-size: 12pt;\">Incartonatrice monoblocco a due teste per lattine di tonno &#8211; testa magnetica &#8211; formatrice di cartoni integrata<\/span><\/strong><\/span><\/p>\n<p>[\/vc_column_text][\/vc_column_inner][vc_column_inner width=&#8221;1\/3&#8243;][vc_video link=&#8221;https:\/\/youtu.be\/9xfM3Q2OQoE&#8221; align=&#8221;center&#8221;][vc_column_text]<\/p>\n<p style=\"text-align: justify;\"><span style=\"color: #828282;\"><strong><span style=\"font-family: Tahoma, Arial, Helvetica, sans-serif; font-size: 12pt;\">Incartonatrice monoblocco a testa magnetica per barattoli di olio con formatrice di cartoni integrata<\/span><\/strong><\/span><\/p>\n<p>[\/vc_column_text][\/vc_column_inner][\/vc_row_inner][\/vc_column][\/vc_row][vc_row el_class=&#8221;gino&#8221;][vc_column][vc_row_inner css=&#8221;.vc_custom_1630691485340{border-radius: 2px !important;}&#8221;][vc_column_inner width=&#8221;1\/3&#8243;][vc_video link=&#8221;https:\/\/youtu.be\/NkQCCQjqAVU&#8221; align=&#8221;center&#8221;][vc_column_text]<\/p>\n<p style=\"text-align: justify;\"><span style=\"color: #828282;\"><strong><span style=\"font-family: Tahoma, Arial, Helvetica, sans-serif; font-size: 12pt;\">Incartonatrice monoblocco con testa girevole ed inserimento di faldina nel cartona con presa a pinze e formatrice di cartone integrata<\/span><\/strong><\/span><\/p>\n<p>[\/vc_column_text][\/vc_column_inner][vc_column_inner width=&#8221;1\/3&#8243;][vc_video link=&#8221;https:\/\/youtu.be\/_vTLSQ93-cg&#8221; align=&#8221;center&#8221;][vc_column_text]<\/p>\n<p style=\"text-align: justify;\"><span style=\"color: #828282;\"><strong><span style=\"font-family: Tahoma, Arial, Helvetica, sans-serif; font-size: 12pt;\">Incartonatrice monoblocco per bottiglie di vetro &#8211; testa a campane &#8211; alveare preincollato nel cartone &#8211; formatrice di cartoni integrata<\/span><\/strong><\/span><\/p>\n<p>[\/vc_column_text][\/vc_column_inner][vc_column_inner width=&#8221;1\/3&#8243;][vc_video link=&#8221;https:\/\/youtu.be\/ZMFVNo4EzlI&#8221; align=&#8221;center&#8221;][vc_column_text]<\/p>\n<p style=\"text-align: justify;\"><span style=\"color: #828282;\"><strong><span style=\"font-family: Tahoma, Arial, Helvetica, sans-serif; font-size: 12pt;\">Incartonatrice monoblocco per bottiglie di vetro &#8211; testa a campane &#8211; formatrice di cartoni integrata<\/span><\/strong><\/span><\/p>\n<p>[\/vc_column_text][\/vc_column_inner][\/vc_row_inner][\/vc_column][\/vc_row][vc_row el_class=&#8221;gino&#8221;][vc_column][vc_row_inner css=&#8221;.vc_custom_1630691485340{border-radius: 2px !important;}&#8221;][vc_column_inner width=&#8221;1\/3&#8243;][vc_video link=&#8221;https:\/\/youtu.be\/L5KvFJ1ZiZw&#8221; align=&#8221;center&#8221;][vc_column_text]<\/p>\n<p style=\"text-align: justify;\"><span style=\"color: #828282;\"><strong><span style=\"font-family: Tahoma, Arial, Helvetica, sans-serif; font-size: 12pt;\">Incartonatrice monoblocco per bottiglie di vetro &#8211; testa a campane &#8211; preparazione dello strato con deviatore a movimento alternato &#8211; formatrice di cartoni integrata<\/span><\/strong><\/span><\/p>\n<p>[\/vc_column_text][\/vc_column_inner][vc_column_inner width=&#8221;1\/3&#8243;][vc_video link=&#8221;https:\/\/youtu.be\/Y4b-jJ3RqFA&#8221; align=&#8221;center&#8221;][vc_column_text]<\/p>\n<p style=\"text-align: justify;\"><span style=\"color: #828282;\"><strong><span style=\"font-family: Tahoma, Arial, Helvetica, sans-serif; font-size: 12pt;\">Incartonatrice monoblocco per bottiglie di vetro &#8211; testa a campane &#8211; preparazione dello strato con spintore rotativo &#8211; formatrice di cartoni integrata<\/span><\/strong><\/span><\/p>\n<p>[\/vc_column_text][\/vc_column_inner][vc_column_inner width=&#8221;1\/3&#8243;][vc_video link=&#8221;https:\/\/youtu.be\/5_HqTuvepoI&#8221; align=&#8221;center&#8221;][vc_column_text]<\/p>\n<p style=\"text-align: justify;\"><span style=\"color: #828282;\"><strong><span style=\"font-family: Tahoma, Arial, Helvetica, sans-serif; font-size: 12pt;\">Incartonatrice monoblocco per bottiglie di vino con formatrice di cartone ed inseritore di alveari<\/span><\/strong><\/span><\/p>\n<p>[\/vc_column_text][\/vc_column_inner][\/vc_row_inner][\/vc_column][\/vc_row][vc_row el_class=&#8221;gino&#8221;][vc_column][vc_row_inner css=&#8221;.vc_custom_1630691485340{border-radius: 2px !important;}&#8221;][vc_column_inner width=&#8221;1\/3&#8243;][vc_video link=&#8221;https:\/\/youtu.be\/vozGuJNtpfo&#8221; align=&#8221;center&#8221;][vc_column_text]<\/p>\n<p style=\"text-align: justify;\"><span style=\"color: #828282;\"><strong><span style=\"font-family: Tahoma, Arial, Helvetica, sans-serif; font-size: 12pt;\">Incartonatrice monoblocco per contenitori di vario tipo con formatrice di cartone. Sistema di presa a campane, a ventosa e magnetico<\/span><\/strong><\/span><\/p>\n<p>[\/vc_column_text][\/vc_column_inner][vc_column_inner width=&#8221;1\/3&#8243;][vc_video link=&#8221;https:\/\/youtu.be\/BKqGxYSUb90&#8243; align=&#8221;center&#8221;][vc_column_text]<\/p>\n<p style=\"text-align: justify;\"><span style=\"color: #828282;\"><strong><span style=\"font-family: Tahoma, Arial, Helvetica, sans-serif; font-size: 12pt;\">Incartonatrice monoblocco per barattoli di plastica &#8211; testa a ventose &#8211; preparazione dello strato con spintore pneumatico &#8211; formatrice di cartoni integrata<\/span><\/strong><\/span><\/p>\n<p>[\/vc_column_text][\/vc_column_inner][vc_column_inner width=&#8221;1\/3&#8243;][vc_video link=&#8221;https:\/\/youtu.be\/cq_ErZbwcHI&#8221; align=&#8221;center&#8221;][vc_column_text]<\/p>\n<p style=\"text-align: justify;\"><span style=\"color: #828282;\"><strong><span style=\"font-family: Tahoma, Arial, Helvetica, sans-serif; font-size: 12pt;\">Incartonatrice monoblocco per bottiglie di vetro &#8211; testa a campane &#8211; preparazione dello strato a spinta &#8211; formatrice di cartoni integrata<\/span><\/strong><\/span><\/p>\n<p>[\/vc_column_text][\/vc_column_inner][\/vc_row_inner][\/vc_column][\/vc_row][vc_row el_class=&#8221;gino&#8221;][vc_column][vc_raw_html]JTNDdmlkZW8lMjBwbGF5c2lubGluZSUyMGNvbnRyb2xzJTIwbm9mdWxsc2NyZWVuJTIwY29udHJvbHNMaXN0JTNEJTIybm9kb3dubG9hZCUyMG5vZnVsbHNjcmVlbiUyMG5vcGxheWJhY2tyYXRlJTIyJTIwd2lkdGglM0QlMjIxMDAlMjUlMjIlMjBoZWlnaHQlM0QlMjIxMDAlMjUlMjIlMjBwb3N0ZXIlM0QlMjJodHRwcyUzQSUyRiUyRnd3dy5jb3NtYXBhY2suaXQlMkZuZXclMkZ3cC1jb250ZW50JTJGdXBsb2FkcyUyRjIwMjElMkYwNiUyRjItaW5jYXJ0b25hdHJpY2kuanBnJTIyJTNFJTBBJTNDc291cmNlJTIwc3JjJTNEJTIyaHR0cHMlM0ElMkYlMkZ3d3cuY29zbWFwYWNrLml0JTJGbmV3JTJGd3AtY29udGVudCUyRnVwbG9hZHMlMkYyMDIxJTJGMDYlMkZJbmNhcnRvbmF0cmljZV9Nb25vYmxvY2NvX2Zvcm1pbmMxMjAwXzcyMC5tcDQlMjIlMjAlMkYlM0UlMEElM0MlMkZ2aWRlbyUzRQ==[\/vc_raw_html][\/vc_column][\/vc_row][vc_row][vc_column][\/vc_column][\/vc_row][vc_row css=&#8221;.vc_custom_1648908359459{margin-top: 100px !important;background-color: #f4f4f4 !important;}&#8221;][vc_column][vc_column_text]<\/p>\n<div id=\"examples\">\n<div class=\"example\">\n<p style=\"text-align: center;\"><span style=\"font-family: Arial, Helvetica, sans-serif;\"><span class=\"hover hover-1\" style=\"color: #000000;\">SEI INTERES<\/span><span style=\"font-size: 30px;\"><span style=\"color: #000000;\">SATO<\/span><span style=\"color: #ed0000;\"> AI NOSTRI PRODOTTI?<\/span><\/span><\/span><\/p>\n<\/div>\n<\/div>\n<p>[vc_empty_space height=&#8221;10px&#8221;]<\/p>\n<div align=\"center\">\n<ul>\n<li class=\"fas fa-phone-alt colors30\" style=\"text-align: center;\"><span style=\"color: #333333; font-size: 30px; font-family: Arial;\"> +39 080 4968989<\/span><\/li>\n<\/ul>\n<\/div>\n<p>[vc_empty_space height=&#8221;10px&#8221;]<\/p>\n<p style=\"text-align: center;\"><span style=\"font-size: 18px; font-family: Arial, Helvetica, sans-serif; line-height: 12px; color: #000000;\">Mettiamo a vostra disposizione un consulente che vi ascolter\u00e0 e<br \/>\nvi indirizzer\u00e0 verso la soluzione ideale al vostro caso. Il nostro successo \u00e8 in ogni<br \/>\ncliente pienamente soddisfatto.<\/span><\/p>\n<p>[\/vc_column_text][vc_column_text el_class=&#8221;gino&#8221; css=&#8221;.vc_custom_1647862614827{margin-top: -40px !important;}&#8221;]<\/p>\n<div align=\"center\"><div class=\"wpforms-container wpforms-container-full\" id=\"wpforms-5861\"><form id=\"wpforms-form-5861\" class=\"wpforms-validate wpforms-form wpforms-ajax-form\" data-formid=\"5861\" method=\"post\" enctype=\"multipart\/form-data\" action=\"\/new\/wp-json\/wp\/v2\/pages\/5335\" data-token=\"c866cd196e21706fe9137fe9c7c8a223\"><noscript class=\"wpforms-error-noscript\">Abilita JavaScript nel browser per completare questo modulo.<\/noscript><div class=\"wpforms-field-container\"><div id=\"wpforms-5861-field_0-container\" class=\"wpforms-field wpforms-field-name\" data-field-id=\"0\"><label class=\"wpforms-field-label\" for=\"wpforms-5861-field_0\">Nome <span class=\"wpforms-required-label\">*<\/span><\/label><input type=\"text\" id=\"wpforms-5861-field_0\" class=\"wpforms-field-medium wpforms-field-required\" name=\"wpforms[fields][0]\" required><\/div><div id=\"wpforms-5861-field_3-container\" class=\"wpforms-field wpforms-field-name\" data-field-id=\"3\"><label class=\"wpforms-field-label\" for=\"wpforms-5861-field_3\">Cognome <span class=\"wpforms-required-label\">*<\/span><\/label><input type=\"text\" id=\"wpforms-5861-field_3\" class=\"wpforms-field-medium wpforms-field-required\" name=\"wpforms[fields][3]\" required><\/div><div id=\"wpforms-5861-field_1-container\" class=\"wpforms-field wpforms-field-email\" data-field-id=\"1\"><label class=\"wpforms-field-label\" for=\"wpforms-5861-field_1\">Email <span class=\"wpforms-required-label\">*<\/span><\/label><input type=\"email\" id=\"wpforms-5861-field_1\" class=\"wpforms-field-medium wpforms-field-required\" name=\"wpforms[fields][1]\" required><\/div><div id=\"wpforms-5861-field_2-container\" class=\"wpforms-field wpforms-field-textarea\" data-field-id=\"2\"><label class=\"wpforms-field-label\" for=\"wpforms-5861-field_2\">Messaggio <span class=\"wpforms-required-label\">*<\/span><\/label><textarea id=\"wpforms-5861-field_2\" class=\"wpforms-field-small wpforms-field-required\" name=\"wpforms[fields][2]\" required><\/textarea><\/div><\/div><input type=\"hidden\" name=\"wpforms[recaptcha]\" value=\"\"><div class=\"wpforms-submit-container\"><input type=\"hidden\" name=\"wpforms[id]\" value=\"5861\"><input type=\"hidden\" name=\"wpforms[author]\" value=\"3\"><button type=\"submit\" name=\"wpforms[submit]\" id=\"wpforms-submit-5861\" class=\"wpforms-submit\" data-alt-text=\"Invio in corso...\" data-submit-text=\"RICHIEDI INFORMAZIONI &gt;&gt;\" aria-live=\"assertive\" value=\"wpforms-submit\">RICHIEDI INFORMAZIONI &gt;&gt;<\/button><img src=\"https:\/\/www.cosmapack.it\/new\/wp-content\/plugins\/wpforms\/assets\/images\/submit-spin.svg\" class=\"wpforms-submit-spinner\" style=\"display: none;\" width=\"26\" height=\"26\" alt=\"\"><\/div><\/form><\/div>  <!-- .wpforms-container --><\/div>\n<p>[\/vc_column_text][vc_empty_space height=&#8221;15px&#8221;][\/vc_column][\/vc_row][vc_row full_height=&#8221;yes&#8221; columns_placement=&#8221;top&#8221; equal_height=&#8221;yes&#8221; content_placement=&#8221;top&#8221; el_class=&#8221;ginofoot&#8221; css=&#8221;.vc_custom_1646673260486{background: #818181 url(https:\/\/www.cosmapack.it\/new\/wp-content\/uploads\/2022\/03\/footer1_def1.png?id=6749) !important;}&#8221;][vc_column width=&#8221;1\/3&#8243;][vc_empty_space height=&#8221;10px&#8221;][vc_column_text]<\/p>\n<div class=\"coloresocial\" align=\"center\">\n<p><a class=\"fab fa-youtube colors1\" href=\"https:\/\/www.youtube.com\/user\/cosmapack\"><\/a>\u00a0\u00a0\u00a0\u00a0<a class=\"fab fa-facebook-square colors1\" href=\"https:\/\/it-it.facebook.com\/cosmapack\/\"><\/a>\u00a0\u00a0\u00a0\u00a0<a class=\"fab fa-linkedin colors1\" href=\"https:\/\/it.linkedin.com\/company\/cosmapack-international-s.r.l.\"><\/a><\/p>\n<hr class=\"new4\" \/>\n<p style=\"line-height: 20px; margin: 15px;\"><span style=\"font-family: Arial; font-size: 14px; color: #ffffff;\">Tieniti sempre informato,<\/span><br \/>\n<span style=\"font-family: Arial, Helvetica, sans-serif; font-size: 14px; color: #ffffff;\">visita i nostri canali social<\/span><br \/>\n<span style=\"font-family: Arial, Helvetica, sans-serif; font-size: 14px; color: #ffffff;\">e scoprirai tante novit\u00e0.<\/span><\/p>\n<\/div>\n<p>[\/vc_column_text][vc_single_image image=&#8221;6693&#8243; img_size=&#8221;&#8221; alignment=&#8221;center&#8221;][\/vc_column][vc_column width=&#8221;1\/3&#8243;][vc_empty_space height=&#8221;10px&#8221;][vc_column_text]<\/p>\n<div class=\"coloresocial\" align=\"center\">\n<ul>\n<li class=\"fas fa-home colors\"><span style=\"font-family: Arial, Helvetica, sans-serif; font-size: 17px; color: #ffffff; font-weight: 400;\">\u00a0C.da Montaltino n.c.<br \/>\n70044, Polignano a Mare (BA)<br \/>\nItaly<\/span><\/li>\n<\/ul>\n<ul>\n<li class=\"fas fa-phone colors\"><span style=\"font-family: Arial, Helvetica, sans-serif; font-size: 17px; color: #ffffff; font-weight: 400;\"> +39 080 4968989<\/span><\/li>\n<\/ul>\n<ul>\n<li class=\"fas fa-envelope colors\"><span style=\"font-family: Arial, Helvetica, sans-serif; font-size: 17px; color: #ffffff; font-weight: 400;\"> info@cosmapack.it<\/span><\/li>\n<\/ul>\n<ul>\n<li class=\"fas fa-copy colors\"><span style=\"font-family: Arial, Helvetica, sans-serif; font-size: 17px; color: #ffffff; font-weight: 400;\"> VAT: IT05375680724<\/span><\/li>\n<\/ul>\n<ul>\n<li class=\"fas fa-link colors\"><span style=\"font-family: Arial, Helvetica, sans-serif; font-size: 17px; color: #ffffff; font-weight: 400;\"> SDI: cosmapack.fe@pec.it<\/span><\/li>\n<\/ul>\n<\/div>\n<p>[\/vc_column_text][\/vc_column][vc_column width=&#8221;1\/3&#8243;][vc_empty_space height=&#8221;15px&#8221;][vc_single_image image=&#8221;6712&#8243; img_size=&#8221;&#8221; alignment=&#8221;center&#8221;][vc_single_image image=&#8221;6746&#8243; img_size=&#8221;&#8221; alignment=&#8221;center&#8221;][\/vc_column][\/vc_row][vc_row css=&#8221;.vc_custom_1648908576891{margin-top: -35px !important;background-color: #818181 !important;}&#8221;][vc_column][vc_column_text]<\/p>\n<p style=\"text-align: center;\"><span style=\"font-size: 10px;\"><span style=\"font-family: opensans;\"><span style=\"font-size: 14px; color: #ffffff;\">Realized by: <a href=\"https:\/\/www.vgtechnology.it\/\" style=\"color: #ffffff!important;\">V&amp;G Technology<\/a> &#8211; Concept: Cisternino Francesco<\/span><\/span><br \/>\n<\/span><\/p>\n<p>[\/vc_column_text][\/vc_column][\/vc_row]<\/p>\n<\/div>","protected":false},"excerpt":{"rendered":"<p>[vc_row][vc_column][vc_empty_space height=&#8221;55px&#8221;][\/vc_column][\/vc_row][vc_row el_class=&#8221;gino&#8221;][vc_column width=&#8221;1\/6&#8243;][vc_icon icon_fontawesome=&#8221;far fa-caret-square-left&#8221; color=&#8221;custom&#8221; size=&#8221;lg&#8221; custom_color=&#8221;#afafaf&#8221; link=&#8221;url:%2Fnew%2Fincartonatrici%2F|title:Incartonatrice%20monoblocco%20FORMINC&#8221;][\/vc_column][vc_column width=&#8221;2\/3&#8243;][vc_column_text] Incartonatrice monoblocco FORMINC 1200 [\/vc_column_text][\/vc_column][vc_column width=&#8221;1\/6&#8243;][\/vc_column][\/vc_row][vc_row el_class=&#8221;gino&#8221; css=&#8221;.vc_custom_1631123609879{margin-bottom: -30px !important;border-radius: 2px !important;}&#8221;][vc_column][vc_row_inner css=&#8221;.vc_custom_1631017979314{margin-top: -20px !important;}&#8221;][vc_column_inner][vc_column_text][\/vc_column_text][vc_column_text] Il monoblocco formatore\/Incartonatore FORMINC 1200 \u00e8 la soluzione intermedia equipaggiata con doppia testa di presa indicata per linee di produzione a media ed alta velocit\u00e0. La macchina \u00e8 un [&hellip;]<\/p>\n","protected":false},"author":3,"featured_media":0,"parent":0,"menu_order":0,"comment_status":"closed","ping_status":"closed","template":"","meta":[],"lang":"it","translations":{"en":8459,"it":5335},"pll_sync_post":[],"_links":{"self":[{"href":"https:\/\/www.cosmapack.it\/new\/wp-json\/wp\/v2\/pages\/5335"}],"collection":[{"href":"https:\/\/www.cosmapack.it\/new\/wp-json\/wp\/v2\/pages"}],"about":[{"href":"https:\/\/www.cosmapack.it\/new\/wp-json\/wp\/v2\/types\/page"}],"author":[{"embeddable":true,"href":"https:\/\/www.cosmapack.it\/new\/wp-json\/wp\/v2\/users\/3"}],"replies":[{"embeddable":true,"href":"https:\/\/www.cosmapack.it\/new\/wp-json\/wp\/v2\/comments?post=5335"}],"version-history":[{"count":6,"href":"https:\/\/www.cosmapack.it\/new\/wp-json\/wp\/v2\/pages\/5335\/revisions"}],"predecessor-version":[{"id":7949,"href":"https:\/\/www.cosmapack.it\/new\/wp-json\/wp\/v2\/pages\/5335\/revisions\/7949"}],"wp:attachment":[{"href":"https:\/\/www.cosmapack.it\/new\/wp-json\/wp\/v2\/media?parent=5335"}],"curies":[{"name":"wp","href":"https:\/\/api.w.org\/{rel}","templated":true}]}}